de 39037361?
False
Does 9 divide 215537058?
True
Is 188739140 a multiple of 20?
True
Does 3066 divide 124939500?
True
Is 119 a factor of 84265351?
False
Does 1766 divide 21972572?
True
Is 7 a factor of 651518056?
True
Does 1403 divide 94668637?
False
Is 21304896 a multiple of 444?
True
Does 265 divide 95028949?
False
Is 23963141 a multiple of 653?
True
Is 30213608 a multiple of 74?
True
Is 89 a factor of 6706379?
False
Is 10556559 a multiple of 117?
True
Is 168607366 a multiple of 311?
False
Is 10 a factor of 144650680?
True
Is 31681681 a multiple of 13?
False
Is 518 a factor of 95831554?
True
Is 1113867360 a multiple of 32?
True
Does 494 divide 15070349?
False
Does 11 divide 26652582?
True
Does 1880 divide 25383440?
False
Does 89 divide 646175368?
False
Is 2092 a factor of 593272638?
False
Is 14 a factor of 274504403?
False
Does 13 divide 221694686?
False
Is 32656336 a multiple of 16?
True
Does 50 divide 2772484512?
False
Does 734 divide 13592946?
True
Is 322335 a multiple of 3?
True
Does 2 divide 139811676?
True
Is 900389880 a multiple of 13?
True
Is 9 a factor of 2341776654?
True
Is 21 a factor of 837383232?
True
Does 15 divide 532207185?
True
Is 384816030 a multiple of 11?
False
Is 11 a factor of 6853506?
True
Is 887 a factor of 1040544577?
False
Is 19458301 a multiple of 2909?
True
Is 65610116 a multiple of 286?
True
Does 1505 divide 17613587?
False
Does 228 divide 4494441?
False
Does 7 divide 50019140?
False
Is 29509968 a multiple of 6?
True
Is 2251 a factor of 703356986?
False
Does 119 divide 627549923?
False
Is 98 a factor of 3797990?
True
Is 34038326 a multiple of 857?
True
Does 452 divide 97287559?
False
Is 141 a factor of 28927137?
True
Is 11 a factor of 51802388?
True
Is 1203625432 a multiple of 132?
False
Is 1675145512 a multiple of 4219?
True
Does 3200 divide 106969600?
True
Is 194 a factor of 21181687?
False
Is 118048362 a multiple of 5093?
False
Does 103 divide 29404655?
False
Does 2379 divide 1610566613?
False
Does 2378 divide 55809914?
False
Is 24 a factor of 34674321?
False
Is 30349592 a multiple of 591?
False
Is 200 a factor of 16822200?
True
Does 373 divide 667966656?
False
Is 84578544 a multiple of 207?
True
Is 116 a factor of 1207604428?
True
Does 896 divide 3728910?
False
Is 295129610 a multiple of 1543?
True
Is 9 a factor of 90438075?
True
Does 406 divide 67203962?
True
Does 4072 divide 220547664?
True
Is 42670455 a multiple of 12?
False
Is 8 a factor of 109412120?
True
Does 956 divide 583900441?
False
Does 40 divide 865307320?
True
Is 177 a factor of 22161215?
False
Does 20 divide 4525553045?
False
Is 22 a factor of 23579776?
True
Does 65 divide 21916180?
True
Does 59 divide 11552554?
True
Is 2579253 a multiple of 404?
False
Is 34191430 a multiple of 91?
True
Is 360162469 a multiple of 54?
False
Is 13 a factor of 7972198?
True
Is 82 a factor of 3132532020?
True
Is 16 a factor of 709566192?
True
Does 40 divide 95232?
False
Is 128 a factor of 1846912?
True
Does 16 divide 28286800?
True
Is 15957900 a multiple of 252?
True
Does 21 divide 54795862?
False
Is 5603059584 a multiple of 72?
True
Is 421734175 a multiple of 4?
False
Is 161 a factor of 38359286?
False
Is 1360 a factor of 993805040?
True
Is 6 a factor of 4018023?
False
Is 1645097766 a multiple of 78?
True
Does 1768 divide 25424827?
False
Is 7415 a factor of 634197535?
True
Is 14 a factor of 240307235?
False
Is 1108 a factor of 25662388?
True
Is 610889647 a multiple of 3978?
False
Is 1374 a factor of 63853902?
True
Does 249 divide 116070107?
False
Is 44064706 a multiple of 1842?
False
Does 1393 divide 36725052?
True
Is 88758816 a multiple of 8?
True
Does 1338 divide 336262146?
True
Is 61 a factor of 644313043?
False
Does 247 divide 57637697?
True
Is 182029595 a multiple of 5?
True
Is 397 a factor of 6424254?
True
Does 28 divide 94024532?
True
Is 8851957 a multiple of 4?
False
Is 14206979 a multiple of 5?
False
Is 178 a factor of 15622287?
False
Is 17833637 even?
False
Is 267 a factor of 23467243?
False
Is 281 a factor of 5346025?
True
Does 89 divide 942033761?
True
Does 3895 divide 1857338540?
True
Does 24 divide 51207672?
True
Is 8599914 a multiple of 86?
True
Is 1169039994 a multiple of 467?
False
Is 206465239 a multiple of 6?
False
Is 603945560 a multiple of 40?
True
Does 26 divide 1268346?
False
Does 210 divide 506078845?
False
Is 110566880 a multiple of 2840?
True
Is 815 a factor of 269481380?
True
Does 2306 divide 107669446?
True
Is 27949626 a multiple of 1602?
False
Does 21 divide 12243252?
True
Is 711941759 a multiple of 18?
False
Is 1497 a factor of 26234319?
False
Does 121 divide 29713293?
False
Is 25 a factor of 700474950?
True
Is 246957720 a multiple of 6?
True
Is 573 a factor of 2514059?
False
Is 99385125 a multiple of 525?
True
Does 3 divide 12379193?
False
Is 296872822 a multiple of 6049?
True
Is 21489494 a multiple of 1066?
True
Does 81 divide 444232868?
False
Does 1342 divide 301406490?
True
Does 1243 divide 1928053347?
True
Is 193912800 a multiple of 2150?
True
Is 165378564 a multiple of 3862?
True
Is 109424480 a multiple of 165?
False
Is 5027344 a multiple of 43?
False
Is 297939450 a multiple of 425?
True
Is 4084683222 a multiple of 274?
True
Does 31 divide 2104849149?
False
Does 634 divide 577067434?
True
Does 142 divide 195676?
True
Is 214212755 a multiple of 1483?
False
Does 10 divide 993831?
False
Does 16 divide 12146794?
False
Is 76 a factor of 18465188?
True
Is 39 a factor of 32721000?
True
Is 1670 a factor of 645789935?
False
Is 3515 a factor of 593022680?
True
Does 78 divide 56900562?
False
Does 329 divide 6017035?
False
Does 24 divide 78157514?
False
Does 225 divide 8169975?
True
Does 9 divide 15518027?
False
Does 4 divide 24519411?
False
Is 1189214964 a multiple of 1028?
False
Is 5022270 a multiple of 297?
True
Is 38 a factor of 261066118?
True
Is 32 a factor of 234568608?
True
Is 27 a factor of 220890132?
True
Is 70 a factor of 544901527?
False
Does 808 divide 14694152?
False
Does 9 divide 12941613?
True
Is 384679004 a multiple of 250?
False
Does 27 divide 65477207?
False
Does 1726 divide 33138679?
False
Is 163673208 a multiple of 11?
False
Is 86273195 a multiple of 91?
False
Is 20891104 a multiple of 65?
False
Does 2081 divide 975497884?
True
Is 18146688 a multiple of 84?
True
Is 2139151392 a multiple of 21?
True
Is 28 a factor of 12133436?
True
Is 168156897 a multiple of 37?
True
Is 1549 a factor of 595571928?
False
Is 148 a factor of 597910824?
True
Is 932 a factor of 405890660?
True
Is 110889730 a multiple of 5?
True
Is 11 a factor of 13123623?
False
Is 6659 a factor of 2176916634?
False
Does 252 divide 128002392?
True
Does 157 divide 4677972?
True
Is 489480448 a multiple of 350?
False
Is 480635512 a multiple of 1002?
False
Is 18315445 a multiple of 7?
False
Does 190 divide 314763880?
True
Is 17 a factor of 113895699?
True
Is 593801706 a multiple of 6459?
True
Is 1375 a factor of 13751375?
True
Is 118964862 a multiple of 246?
True
Is 178 a factor of 9172340?
True
Is 44921035 a multiple of 95?
True
Is 125 a factor of 269795881?
False
Is 24 a factor of 786552513?
False
Does 1621 divide 240420732?
False
Is 706627815 a multiple of 15?
True
Is 55 a factor of 499514677?
False
Is 1646420960 a multiple of 40?
True
Does 31 divide 79468128?
True
Is 292462382 a multiple of 1987?
False
Is 22875328 a multiple of 28?
True
Is 28009370 a multiple of 17?
True
Is 22 a factor of 18126086?
True
Does 69 divide 9325955?
False
Is 21660088 a multiple of 54?
False
Does 3716 divide 210002308?
True
Is 5538 a factor of 119215074?
False
Is 118597692 a multiple of 124?
True
Is 31 a factor of 572285933?
False
Is 28555331 a multiple of 738?
False
Is 45506955 a multiple of 379?
False
Is 172424390 a multiple of 2054?
False
Is 218837772 a multiple of 18?
True
Is 411 a factor of 4914400980?
True
Does 46 divide 215026264?
True
Is 51926966 a multiple of 11?
False
Is 2203971880 a multiple of 215?
True
Is 6771798 a multiple of 3?
True
Is 1128 a factor of 136419192?
True
Is 18013934 a multiple of 18?
False
Does 16 divide 82285207?
False
Is 2014622091 a multiple of 27?
True
Is 29 a factor of 621070902?
True
Is 1777 a factor of 672397253?
True
Does 5183 divide 2554804360?
True
Is 31 a factor of 145717732?
True
Is 3 a factor of 312433383?
True
Is 27 a factor of 185354009